{"id":107,"date":"2015-05-17T15:26:36","date_gmt":"2015-05-17T13:26:36","guid":{"rendered":"http:\/\/www.sudiapak.com.tr\/?page_id=107"},"modified":"2018-07-12T12:59:03","modified_gmt":"2018-07-12T10:59:03","slug":"iletisim","status":"publish","type":"page","link":"http:\/\/www.sudiapak.com.tr\/?page_id=107","title":{"rendered":"\u0130leti\u015fim"},"content":{"rendered":"<p><strong>Kurum<\/strong>: \u0130stanbul Esenyurt \u00dcniversitesi<br \/>\n<strong>Adres<\/strong>: Do\u011fan Arasl\u0131 Bulv. No:79 Esenyurt \u0130stanbul \/ T\u00fcrkiye<br \/>\n<strong>Telefon<\/strong>: 444 9 123<br \/>\n<strong>Mail Adresi<\/strong>: <a href=\"mailto:sudiapak@esenyurt.edu.tr\" target=\"_blank\">sudiapak@esenyurt.edu.tr<\/a><br \/>\n<strong>Web Site<\/strong>: <a href=\"http:\/\/www.sudiapak.com.tr\" target=\"_blank\">www.sudiapak.com.tr<\/a> <a href=\"http:\/\/www.sudiapak.com\" target=\"_blank\">www.sudiapak.com<\/a><\/p>\n","protected":false},"excerpt":{"rendered":"<p>Kurum: \u0130stanbul Esenyurt \u00dcniversitesi Adres: Do\u011fan Arasl\u0131 Bulv. No:79 Esenyurt \u0130stanbul \/ T\u00fcrkiye Telefon: 444 9 123 Mail Adresi: sudiapak@esenyurt.edu.tr Web Site: www.sudiapak.com.tr www.sudiapak.com<\/p>\n","protected":false},"author":1,"featured_media":0,"parent":0,"menu_order":2,"comment_status":"closed","ping_status":"closed","template":"","meta":{"footnotes":""},"class_list":["post-107","page","type-page","status-publish","hentry"],"_links":{"self":[{"href":"http:\/\/www.sudiapak.com.tr\/index.php?rest_route=\/wp\/v2\/pages\/107","targetHints":{"allow":["GET"]}}],"collection":[{"href":"http:\/\/www.sudiapak.com.tr\/index.php?rest_route=\/wp\/v2\/pages"}],"about":[{"href":"http:\/\/www.sudiapak.com.tr\/index.php?rest_route=\/wp\/v2\/types\/page"}],"author":[{"embeddable":true,"href":"http:\/\/www.sudiapak.com.tr\/index.php?rest_route=\/wp\/v2\/users\/1"}],"replies":[{"embeddable":true,"href":"http:\/\/www.sudiapak.com.tr\/index.php?rest_route=%2Fwp%2Fv2%2Fcomments&post=107"}],"version-history":[{"count":3,"href":"http:\/\/www.sudiapak.com.tr\/index.php?rest_route=\/wp\/v2\/pages\/107\/revisions"}],"predecessor-version":[{"id":175,"href":"http:\/\/www.sudiapak.com.tr\/index.php?rest_route=\/wp\/v2\/pages\/107\/revisions\/175"}],"wp:attachment":[{"href":"http:\/\/www.sudiapak.com.tr\/index.php?rest_route=%2Fwp%2Fv2%2Fmedia&parent=107"}],"curies":[{"name":"wp","href":"https:\/\/api.w.org\/{rel}","templated":true}]}}